 ten thousands digit of 141843?
4
What is the hundreds digit of 760?
7
What is the tens digit of 652?
5
What is the tens digit of 1618?
1
What is the tens digit of 150?
5
What is the units digit of 9162?
2
What is the units digit of 297?
7
What is the thousands digit of 37115?
7
What is the tens digit of 47341?
4
What is the thousands digit of 20976?
0
What is the tens digit of 1485?
8
What is the tens digit of 20447?
4
What is the thousands digit of 8282?
8
What is the thousands digit of 8681?
8
What is the ten thousands digit of 11933?
1
What is the units digit of 27878?
8
What is the units digit of 21245?
5
What is the hundreds digit of 17484?
4
What is the hundreds digit of 6859?
8
What is the hundreds digit of 26330?
3
What is the hundreds digit of 22929?
9
What is the units digit of 4010?
0
What is the tens digit of 23130?
3
What is the units digit of 805?
5
What is the thousands digit of 77147?
7
What is the ten thousands digit of 23771?
2
What is the units digit of 628?
8
What is the hundreds digit of 561?
5
What is the tens digit of 988?
8
What is the units digit of 19557?
7
What is the units digit of 6650?
0
What is the tens digit of 4563?
6
What is the units digit of 10318?
8
What is the thousands digit of 10910?
0
What is the tens digit of 20557?
5
What is the thousands digit of 111738?
1
What is the units digit of 498?
8
What is the tens digit of 3199?
9
What is the ten thousands digit of 59424?
5
What is the thousands digit of 7253?
7
What is the tens digit of 139920?
2
What is the hundreds digit of 1426?
4
What is the units digit of 5913?
3
What is the units digit of 77657?
7
What is the ten thousands digit of 23920?
2
What is the units digit of 1329?
9
What is the tens digit of 62?
6
What is the tens digit of 451?
5
What is the thousands digit of 4429?
4
What is the hundreds digit of 1602?
6
What is the hundreds digit of 3537?
5
What is the thousands digit of 42815?
2
What is the hundreds digit of 37261?
2
What is the units digit of 4278?
8
What is the units digit of 4473?
3
What is the tens digit of 671?
7
What is the tens digit of 10468?
6
What is the tens digit of 4801?
0
What is the tens digit of 9634?
3
What is the thousands digit of 169539?
9
What is the thousands digit of 28039?
8
What is the units digit of 3981?
1
What is the hundreds digit of 10466?
4
What is the units digit of 3190?
0
What is the hundreds digit of 3097?
0
What is the units digit of 1065?
5
What is the tens digit of 8846?
4
What is the hundreds digit of 2041?
0
What is the thousands digit of 1396?
1
What is the tens digit of 82954?
5
What is the thousands digit of 9580?
9
What is the units digit of 11936?
6
What is the units digit of 92483?
3
What is the thousands digit of 7025?
7
What is the tens digit of 372?
7
What is the thousands digit of 3646?
3
What is the units digit of 77?
7
What is the tens digit of 25?
2
What is the hundreds digit of 5969?
9
What is the hundreds digit of 46952?
9
What is the units digit of 13?
3
What is the thousands digit of 154080?
4
What is the hundreds digit of 10736?
7
What is the hundreds digit of 1804?
8
What is the thousands digit of 1087?
1
What is the hundreds digit of 1465?
4
What is the hundreds digit of 2517?
5
What is the hundreds digit of 4118?
1
What is the tens digit of 192893?
9
What is the tens digit of 52?
5
What is the hundreds digit of 20577?
5
What is the units digit of 37002?
2
What is the tens digit of 8221?
2
What is the tens digit of 30393?
9
What is the units digit of 4843?
3
What is the tens digit of 393?
9
What is the ten thousands digit of 49886?
4
What is the units digit of 3838?
8
What is the tens digit of 1931?
3
What is the thousands digit of 133919?
3
What is the thousands digit of 1865?
1
What is the thousands digit of 18725?
8
What is the hundreds digit of 8111?
1
What is the ten thousands digit of 35404?
3
What is the hundreds digit of 7188?
1
What is the units digit of 230?
0
What is the thousands digit of 3501?
3
What is the hundreds digit of 768?
7
What is the tens digit of 56862?
6
What is the units digit of 5649?
9
What is the hundreds digit of 893?
8
What is the tens digit of 479?
7
What is the thousands digit of 17794?
7
What is the units digit of 1334?
4
What is the ten thousands digit of 25119?
2
What is the tens digit of 7218?
1
What is the units digit of 1438?
8
What is the tens digit of 598?
9
What is the units digit of 1992?
2
What is the units digit of 815?
5
What is the tens digit of 12248?
4
What is the tens digit of 868?
6
What is the tens digit of 31891?
9
What is the ten thousands digit of 28586?
2
What is the thousands digit of 4980?
4
What is the thousands digit of 20883?
0
What is the tens digit of 7208?
0
What is the tens digit of 13410?
1
What is the units digit of 2375?
5
What is the tens digit of 15446?
4
What is the tens digit of 181275?
7
What is the tens digit of 1674?
7
What is the units digit of 4154?
4
What is the hundreds digit of 1760?
7
What is the thousands digit of 1243?
1
What is the tens digit of 20804?
0
What is the hundreds digit of 6234?
2
What is the tens digit of 59830?
3
What is the ten thousands digit of 19328?
1
What is the hundreds digit of 1336?
3
What is the thousands digit of 88641?
8
What is the units digit of 28723?
3
What is the ten thousands digit of 105809?
0
What is the hundreds digit of 7869?
8
What is the hundreds digit of 19708?
7
What is the tens digit of 36?
3
What is the thousands digit of 4096?
4
What is the ten thousands digit of 33542?
3
What is the ten thousands digit of 11866?
1
What is the hundreds digit of 1515?
5
What is the hundreds digit of 7233?
2
What is the tens digit of 26626?
2
What is the thousands digit of 1580?
1
What is the hundreds digit of 7233?
2
What is the tens digit of 126?
2
What is the hundreds digit of 1147?
1
What is the ten thousands digit of 108107?
0
What is the ten thousands digit of 35188?
3
What is the tens digit of 5493?
9
What is the hundreds digit of 1819?
8
What is the thousands digit of 87111?
7
What is the units digit of 4465?
5
What is the thousands digit of 1545?
1
What is the tens digit of 111?
1
What is the hundreds digit of 8631?
6
What is the ten thousands digit of 14103?
1
What is the units digit of 38912?
2
What is the tens digit of 1970?
7
What is the thousands digit of 13663?
3
What is the thousands digit of 25291?
5
What is the tens digit of 25302?
0
What is the hundreds digit of 10880?
8
What is the hundreds digit of 98770?
7
What is the tens digit of 982?
8
What is the units digit of 410?
0
What is the thousands digit of 151177?
1
What is the hundreds digit of 79777?
7
What is the hundreds digit of 480?
4
What is the tens digit of 4085?
8
What is the thousands digit of 30625?
0
What is the units digit of 617?
7
What is the hundreds digit of 129654?
6
What is the tens digit of 5605?
0
What is the hundreds digit of 7176?
1
What is the ten thousands digit of 27024?
2
What is the units digit of 2811?
1
What is the thousands digit of 9695?
9
What is the thousands digit of 1580?
1
What is the units digit of 13625?
5
What is the hundreds digit of 29364?
3
What is the tens digit of 15124?
2
What is the units digit of 32971?
1
What is the tens digit of 8816?
1
What is the tens digit of 80137?
3
What is the ten thousands digit of 101785?
0
What is the tens digit of 8640?
4
What is the units digit of 23340?
0
What is the hundreds digit of 11732?
7
What is the ten thousands digit of 12757?
1
What is the units digit of 2484?
4
What is the hundreds digit of 6571?
5
What is the thousands digit of 94699?
4
What is the units digit of 6839?
9
What is the tens digit of 20491?
9
What is the tens digit of 77928?
2
What is the units digit of 5518?
8
What is the hundreds digit of 33383?
3
What is the units digit of 41546?
6
What is the units digit of 1199?
9
What is the units digit of 1389?
9
What is the tens digit of 4610?
1
What is the tens digit of 1179?
7
What is the hundreds digit of 12480?
4
What is the tens digit of 799?
9
What is the ten thousands digit of 18257?
1
What is the tens digit of 53?
5
What is the hundreds digit of 748?
7
What is the thousands digit of 2724?
2
What is the thousands digit of 4799?
4
What is the thousands digit of 4915?
4
What is the units digit of 1994?
4